 the prime factors of k.
2, 11
What are the prime factors of 290 + 2/(-7) + 60/14?
2, 3, 7
Let k = 138 + -51. What are the prime factors of k?
3, 29
Let k be (0 - (-1)/3)*15. Let a be k/(-15) - 1/(-3). List the prime factors of 6 - (0 + a - -2).
2
Suppose 728 = 75*l - 73*l. List the prime factors of l.
2, 7, 13
Let t(q) = 342*q**2 - 99*q - 99. Let k(x) = 7*x**2 - 2*x - 2. Let c(r) = 99*k(r) - 2*t(r). Let n be (2/(-6))/((-5)/15). What are the prime factors of c(n)?
3
Let m(q) = -14*q + 1. Let n be m(-1). What are the prime factors of (-1)/(-3) + 265/n?
2, 3
Let c(m) = -m**3 + 7*m**2 + m - 3. Let o be c(7). Suppose -o*u = -12, 3*x = -2*u - u + 141. What are the prime factors of x?
2, 11
Let l = -38 - -22. Let v be ((-18)/8)/((-2)/l). List the prime factors of (-8)/(-3)*v/(-4).
2, 3
Let y be 8 + -2 + 0/1. Let h(p) = 1 - 3*p**3 - 6*p**2 + y*p + 2*p**3 + 2*p**3. List the prime factors of h(5).
2, 3
Let x be (-12)/16*-4 + 108. Suppose 3*z - x = -42. What are the prime factors of z?
23
Suppose -4*m + 314 = -2*t, m + 2*t - 86 = -0*m. Let l = m - 30. What are the prime factors of l?
2, 5
Suppose -5*h - 64 + 174 = 0. What are the prime factors of h?
2, 11
Let l = -4 + 6. Let u be (-11)/(33/(-18)) + -1. Suppose -12 = l*y - u*y. List the prime factors of y.
2
Suppose 0 = -2*h + 5*u - 23, -4*h - u + 10 = h. Let s(z) = -6*z**3 + 2*z**2 + z. Let t be s(-1). List the prime factors of t - h - (2 - 1).
5
Let v be 4/12 + (-11)/(-3). Let f(b) = b**2 + 2*b. Let p be f(-2). List the prime factors of 3/(-9)*p + v.
2
Let j = 142 + -72. What are the prime factors of j?
2, 5, 7
Let f(a) = a**2 + a + 2. Let r be f(-2). Suppose 3*x - 3*i = i + 2, -10 = x - r*i. What are the prime factors of x?
2, 3
Let v(x) = -11*x + 1. Let r be v(-1). Let d be 36*3/r*2. Suppose -3*m - d = -3*q - 6, -q = -3*m - 2. What are the prime factors of q?
5
Let k = 5 - 2. Suppose 10 - 4 = k*p. Suppose -p*z + 19 = -2*t - t, -5*z = -4*t - 51. List the prime factors of z.
11
Let f = -38 + 56. Let b = -4 + f. List the prime factors of b.
2, 7
Let q = 260 - 89. What are the prime factors of q?
3, 19
Suppose 3*q - 166 - 41 = 0. List the prime factors of q.
3, 23
Suppose 2*b = b - 10. What are the prime factors of 80/(-12)*12/b?
2
Let z(w) = w. Let q be z(2). Suppose q*v - 9 = -v. Let l = v - -6. What are the prime factors of l?
3
Suppose -c = -5 + 2. Suppose 0 = -3*z, -j - 2*j + c = -2*z. Suppose a = -j + 5. List the prime factors of a.
2
Let u(s) = -5*s**2 - s - 3. Let c(v) = 4*v**2 + 2*v + 4. Let r(m) = -2*c(m) - 3*u(m). What are the prime factors of r(1)?
7
Let p(a) = a**2 + 9*a - 6. List the prime factors of p(-11).
2
Let k(y) = -y**2 - 9*y - 2. Let b be k(-5). Suppose -44 = -2*f + b. List the prime factors of f.
31
Let x(l) be the second derivative of l**5/20 + l**4/2 + l**3/3 - 5*l**2/2 + 8*l. List the prime factors of x(-5).
2, 5
Suppose -12 = -2*i + 28. Suppose -6*z = -4*z - i. List the prime factors of z.
2, 5
Let y be 4/10 - (-26)/10. Suppose -5*v = 4*r + 20, -2*r = -r + 5. Suppose v = -y*k + 4*k - 15. What are the prime factors of k?
3, 5
Suppose 0 = -n + 4, -5*n + 3 = -z - 9. List the prime factors of z.
2
Let x(t) = -24*t + 3. Let b be x(2). Let g be (1/(-3))/(5/b). Suppose -5*n - 24 = -5*d + g*d, 5*d = -n + 60. List the prime factors of d.
2, 3
Let i(q) = q**2 - 5*q**3 + 3*q**3 + 3*q**3 - 2*q. Let y be i(-2). Suppose 4*g + 5 - 29 = y. What are the prime factors of g?
2, 3
Let u(g) = 4*g**2 - 12*g + 13. List the prime factors of u(7).
5
Suppose 2*x - 7*x + 25 = 0. Suppose 0*k - 5*k - 4*s + 69 = 0, -4*k = x*s - 48. What are the prime factors of k?
17
Let w(h) = 0 + h**2 + h - 1 + 2*h - 2*h. List the prime factors of w(2).
5
Suppose -r + 45 = -22. Let b = r - 39. What are the prime factors of b?
2, 7
Let t = 101 + 25. What are the prime factors of t?
2, 3, 7
Suppose -2*h + 0 = 6. Let g(k) = k + 3. Let y be g(h). Suppose -4*m = -3*i + i + 8, y = 2*i - 3*m - 9. List the prime factors of i.
2, 3
Let g(o) = -8*o + 4. Let l be g(-8). Suppose u = 2, 4*k - 30 - l = -u. What are the prime factors of k?
2, 3
Let a(r) = r**3 + 10*r**2 - r - 1. What are the prime factors of a(-10)?
3
Let k = 10 + -10. Suppose -5*w + 14 + 6 = k. Let p(v) = v**3 - 4*v**2 + 4*v - 4. What are the prime factors of p(w)?
2, 3
Suppose 0*l + 2*l - 38 = 0. Suppose -g + 5*j = -l, -j = -3*g + 2*j + 21. List the prime factors of g.
2
What are the prime factors of 15*2*(-4)/(-8)*1?
3, 5
Let l(h) = h**3 - 2*h**2 + h + 2. Let z(i) = -3 + 5 - i**2 - 5*i**2 - i**3. Let v be z(-6). What are the prime factors of l(v)?
2
Let t be 164/14 - 4/(-14). Let r = t + -4. What are the prime factors of r?
2
Suppose -2*u + 4 = 4*t - 0*u, -3*u + 5 = 5*t. Let x(w) = 3*w**3 + w**2. What are the prime factors of x(t)?
2
Let w(u) = -3*u + 7*u - 11*u. What are the prime factors of w(-3)?
3, 7
Let p(o) be the third derivative of -o**5/60 - 7*o**4/12 - o**3/2 + o**2. List the prime factors of p(-13).
2, 5
Let k be (3/2*20)/2. Let p be 69/k + (-6)/(-15). Suppose 9 = -p*v + 89. List the prime factors of v.
2
Let g = -1 + 39. List the prime factors of g.
2, 19
List the prime factors of (-72)/(-10)*5/1.
2, 3
Let i be -1*(0 + 1) + 1. Suppose -5*s + 2*p - 1 = -4*s, i = -4*s + 2*p + 14. Suppose -5*t + 47 = -2*h, t + s*h - 2*h = 23. List the prime factors of t.
11
Suppose 0*s = -2*s. Suppose s = -5*d + 5*u, d + u - 3*u = -5. List the prime factors of d.
5
Let x(q) be the first derivative of -q**4/4 + 5*q**3/3 + 3*q**2/2 + 2*q - 3. What are the prime factors of x(4)?
2, 3, 5
Let a = -4 - -38. Let c = -18 + a. List the prime factors of c.
2
Let n(w) = -7*w + 9*w**2 - 6 + w**3 + 0*w**3 - 2*w**3. Let m be n(8). Suppose -20 = -3*y - m*y. List the prime factors of y.
2
Let f(v) = -v**2 - v + 2. Let l be (4 - 4)*(-1)/(-2). Let j be f(l). Suppose -i + 12 = -w, i + 6*w - j*w = 12. What are the prime factors of i?
2, 3
Suppose -2*b = -r - 393, 0 = b - 5*b + 5*r + 795. What are the prime factors of b?
3, 5, 13
Let g = -12 + 2. Let s = g - -22. What are the prime factors of s?
2, 3
Let b = -7 - -11. What are the prime factors of b/14 + 165/35?
5
Let v(d) = -2*d**2 - 4. Let m be v(3). List the prime factors of 159/33 - 4/m.
5
Let y(u) = u**2 + 3*u - 6. Let b be y(-5). Suppose 3*w + s = -b*s + 22, 2*w = 3*s + 21. List the prime factors of w - (-1 - (-5 - -3)).
2
Suppose 3*o - 4 = -5*r + 8, 4*o - 3*r = 16. Let t = -1 + o. Let d = t + 0. What are the prime factors of d?
3
Let z = -175 + 306. List the prime factors of z.
131
Suppose -4*q - 243 = -5*q. What are the prime factors of q?
3
Suppose -5*x - 94 + 388 = 3*k, 5*k + 2*x - 509 = 0. What are the prime factors of k?
103
List the prime factors of 18/(-12)*38/(-1).
3, 19
Let y be 6/(-3) + (1 - 20). Let z = y + 34. What are the prime factors of z?
13
Let m = -1 - -1. Suppose -68 = -3*l + c, m*l = -3*l - c + 64. What are the prime factors of l?
2, 11
Let b be 2 - (1 + 0 - 2). Suppose 0 = b*c + o - 35, -5*c + 0*o = -o - 61. List the prime factors of c.
2, 3
Suppose 0 = -5*z + 133 - 33. Suppose -3*g - z = -7*g. Let v = 2 + g. List the prime factors of v.
7
Let f = -6 + -3. Let x(u) = -3*u**2 + 10*u + 2. Let b(o) = -8*o**2 + 30*o + 5. Let d(t) = -4*b(t) + 11*x(t). What are the prime factors of d(f)?
11
Let v(a) = -a + 5. Let j be v(3). Let o be (3 + -2 - j) + 0. What are the prime factors of (o + 2)*5*2?
2, 5
Let q(h) = h**2 - h + 12. Let x be q(0). Suppose -4*f + x = -j, -2*f - j + 6 = 2*j. What are the prime factors of f?
3
Suppose 4*p - 110 = 2*p - 5*h, -4*h = -4*p + 248. Suppose -n - p = -3*n. List the prime factors of n.
2, 3, 5
Let r(s) be the first derivative of s**2/2 + 15*s - 9. List the prime factors of r(-5).
2, 5
Let q = 99 + -67. Suppose -s = 5*r + 3*s - q, -5*s = 3*r - 14. What are the prime factors of r?
2
Let u(y) = y + 7. Let l be u(-7). Suppose 35 = 3*r - 2*w, -w = -l*r - 4*r + 50. List the prime factors of r.
13
Suppose h - 48 = -0*v - 4*v, 0 = h - 3*v - 27. List the prime factors of h.
2, 3
Let u(f) = -f**3 - 8*f**2 + 8*f - 10. Let t be u(-9). Let l be (15/2)/(t/6). What are the prime factors of 2/4 + l/(-6)?
2
Let k(a) = a**3 - 7*a**2 + 5. Let l be k(7). Suppose 0 = 3*p - 2*p + l*b - 13, 5*b = 10. Let y(j) = j**2 + 4*j + 1. List the prime factors of y(p).
2, 11
Suppose -156 = -3*r + r. What are the prime facto